{"id":11,"date":"2026-02-02T17:05:00","date_gmt":"2026-02-02T17:05:00","guid":{"rendered":"https:\/\/staging.kc-netfox.de\/?page_id=11"},"modified":"2026-02-02T17:05:00","modified_gmt":"2026-02-02T17:05:00","slug":"datenschutz","status":"publish","type":"page","link":"https:\/\/staging.kc-netfox.de\/?page_id=11","title":{"rendered":"Datenschutz"},"content":{"rendered":"<h2 class=\"wp-block-heading\">Datenschutzerkl\u00e4rung<\/h2>\n<p><em>Platzhalter:<\/em> Diese Seite muss mit einer vollst\u00e4ndigen Datenschutzerkl\u00e4rung bef\u00fcllt werden (Cookies, Analytics, Kontaktformulare, Hosting, Logfiles, etc.).<\/p>","protected":false},"excerpt":{"rendered":"<p>Datenschutzerkl\u00e4rung Platzhalter: Diese Seite muss mit einer vollst\u00e4ndigen Datenschutzerkl\u00e4rung bef\u00fcllt werden (Cookies, Analytics, Kontaktformulare, Hosting, Logfiles, etc.).<\/p>\n","protected":false},"author":2,"featured_media":0,"parent":0,"menu_order":0,"comment_status":"closed","ping_status":"closed","template":"","meta":{"footnotes":""},"class_list":["post-11","page","type-page","status-publish","hentry"],"blocksy_meta":[],"_links":{"self":[{"href":"https:\/\/staging.kc-netfox.de\/index.php?rest_route=\/wp\/v2\/pages\/11","targetHints":{"allow":["GET"]}}],"collection":[{"href":"https:\/\/staging.kc-netfox.de\/index.php?rest_route=\/wp\/v2\/pages"}],"about":[{"href":"https:\/\/staging.kc-netfox.de\/index.php?rest_route=\/wp\/v2\/types\/page"}],"author":[{"embeddable":true,"href":"https:\/\/staging.kc-netfox.de\/index.php?rest_route=\/wp\/v2\/users\/2"}],"replies":[{"embeddable":true,"href":"https:\/\/staging.kc-netfox.de\/index.php?rest_route=%2Fwp%2Fv2%2Fcomments&post=11"}],"version-history":[{"count":0,"href":"https:\/\/staging.kc-netfox.de\/index.php?rest_route=\/wp\/v2\/pages\/11\/revisions"}],"wp:attachment":[{"href":"https:\/\/staging.kc-netfox.de\/index.php?rest_route=%2Fwp%2Fv2%2Fmedia&parent=11"}],"curies":[{"name":"wp","href":"https:\/\/api.w.org\/{rel}","templated":true}]}}